+ 2/(6/3429)?
2
Suppose 3*p = 406 + 419. Let k = p + -143. Let o = -60 + k. What is the units digit of o?
2
Let g(n) = -2*n + 14. Let y be g(4). Suppose -y*q + q = -475. What is the tens digit of q?
9
Suppose 3840 = 11*b - 7*b. What is the tens digit of b?
6
Let j = 160 - 101. What is the tens digit of j - (-4)/(4/4)?
6
Suppose -2 - 4 = -2*v. Suppose 6 = f + 5*s - 38, f + v*s = 38. What is the units digit of f?
9
Suppose -378 = -l - 4*l - w, l - 81 = -2*w. Let a = l + -9. What is the tens digit of a?
6
Suppose -31*a + 38*a - 4970 = 0. What is the tens digit of a?
1
What is the units digit of ((-23)/(-46))/(2/3264)?
6
Let r(n) = -12*n**3 - 13*n**2 + 2*n - 3. What is the tens digit of r(-5)?
6
Let u be 4*4/(-8) - (1 + -4). What is the tens digit of (u + 2)*-1*85/(-3)?
8
Let s = -3 - -3. Suppose 4*d - 428 - 196 = s. Suppose 4*b = d - 36. What is the units digit of b?
0
Suppose -13*m + 36520 = 9*m. What is the hundreds digit of m?
6
Let y be 45/15*(-2)/(-3). What is the tens digit of (3 + 40)/(y/4*2)?
4
What is the tens digit of (-8)/(-6) - 16400/(-75)?
2
Let t be 6/24 + (-825)/(-12). Suppose 2*k - 3*k = -t. What is the units digit of k?
9
Let z(r) = r**3 + 8*r**2 - 5*r + 22. Let f be z(-9). Let j = 39 - f. What is the units digit of j?
3
Let w(l) = 11 + 2*l + 3 - l + 8. What is the units digit of w(10)?
2
Let b(h) = -h**2 + 15*h - 23. Let g be b(12). Suppose -2*n + 77 = g. What is the units digit of n?
2
Let j(g) = -7*g + 2 + g**2 - 2*g + 0*g + 0*g**2. Let p be j(9). Suppose -d = -p*k - 22, -4*k + 0*k = 3*d - 16. What is the tens digit of d?
1
Let u be -39*-3*(-20)/(-18). Let g(v) = 3*v**2 - 6*v + 38. Let j be g(-6). Let f = j - u. What is the units digit of f?
2
Let h be (-22)/6*(-189)/(-63). Let s(g) be the third derivative of -g**4/24 + 11*g**3/6 - g**2. What is the tens digit of s(h)?
2
What is the tens digit of (-405)/(-4) - (-5 - 21/(-4))?
0
Let f(b) = 5*b**2 + 5*b + 3. Let v be f(-1). Let u = v - -110. What is the tens digit of u?
1
Let j(i) = i**2 - 2. Let x be j(-4). What is the units digit of (-4)/x - (-16688)/98?
0
What is the thousands digit of (-121530)/(-60) - 9/(-6)?
2
Suppose -11*v + 2221 = -8*v + 2*b, 4*b + 745 = v. What is the tens digit of v?
4
Let k be 1/((-5)/3 - -2). Let m be 6*(-19)/k*2. What is the tens digit of 1/(-1 - m/74)?
3
Suppose 4*h + 3*u = u + 42, -2*h + 3*u = -33. Suppose -2*p - 84 = -2*g, 4*g + 5*p = 3*g + h. What is the tens digit of g?
3
Let m = 6456 + -3260. What is the units digit of m?
6
Suppose 5*b + 0*y - 30 = 4*y, -5*b + 35 = -5*y. Suppose 0*s - 24 = b*s. Let k = -2 - s. What is the units digit of k?
0
Suppose 0 = -g - g + 3*c + 5669, 5*g = 4*c + 14155. What is the units digit of g?
7
Suppose -3*u = -4 - 11. Suppose -10 - u = 5*x. Let s = 4 - x. What is the units digit of s?
7
Let l(y) = 117*y**2 - 30*y + 78. What is the hundreds digit of l(3)?
0
Let v = 250 + -83. What is the hundreds digit of v?
1
What is the tens digit of 3437/4 + 231/308?
6
What is the thousands digit of (3 + -1)/((-90)/(-147105))?
3
Suppose y = 2 - 7, 5*l - 3*y - 65 = 0. Suppose -o + l = 1. What is the tens digit of (12/o)/(4/72)?
2
Let f(v) = -2*v**2 + 2*v + 4. Let h be f(-3). What is the units digit of (-2)/(-4) + h/24*-3?
3
Suppose 7*t - 3*z - 237 = 4*t, 2*t + 4*z = 146. Suppose 2*u - u - t = -r, u + 1 = 0. What is the tens digit of r?
7
Suppose 2480 = 3*c + z, -481 - 2829 = -4*c - 2*z. What is the hundreds digit of c?
8
Let o(w) = 2*w**2 + w + 42. Let s(a) = -a**3 - 12*a**2 - a - 12. Let f be s(-12). What is the tens digit of o(f)?
4
Let i = 16 - -42. What is the units digit of i?
8
Suppose 0 = 13*a - 68635 + 4623. What is the tens digit of a?
2
Suppose f = -r + 21, -2*r + f + 59 = 2*r. Let z(t) = -t**2 + 18*t + 9. What is the tens digit of z(r)?
4
Let d = -27 + -4. Let t = d + 34. What is the tens digit of 3/t*2 - -67?
6
Let c(m) = 2*m**3 - 6*m - 8 + 7*m**2 - 12*m**2 - 4*m. Let f be c(6). Suppose 12 = 4*l - f. What is the tens digit of l?
4
Let y(a) = a**3 + 7*a**2 - 2*a + 3. Let f be y(-7). Suppose f*g - 18*g = 4. What is the units digit of (-261)/(-6) + 2/g?
3
Let y = 234 + -1. Let v = -122 + y. What is the hundreds digit of v?
1
Let t be 1*(-5)/(-2) + 3/2. Suppose -t*b - b + 35 = 0. What is the units digit of b?
7
What is the units digit of 1013/5 + -1*(-18)/45?
3
Let o(u) = 2*u**2 - 33*u + 18. Let q be o(16). Suppose 3*s = 4*c + 218, s - q*c - 62 = 2*c. What is the tens digit of s?
7
Let m(b) = -b**3 + 4*b**2 + 7*b - 4. What is the units digit of m(-5)?
6
Let c = -102 - -426. What is the tens digit of c?
2
Suppose 71*f - 75*f + 8 = 0. Suppose f*s - 7*h + 3*h = 96, s - 5*h - 39 = 0. What is the tens digit of s?
5
Let b = 4 - 0. Suppose -11 = -b*h + 9, -2*h + 12 = -t. What is the units digit of t/(-8) - 177/(-12)?
5
Let x be (-6)/(-1) + (12 - 14). Let n be x/(-6)*-3 + 2. Suppose n*o - 20 = 44. What is the tens digit of o?
1
Suppose -4*m - 3*g - g + 1540 = 0, -5*g - 397 = -m. Suppose -4*n = 59 - m. What is the tens digit of n?
8
Suppose 0 = -119*i + 128*i - 4509. What is the tens digit of i?
0
Suppose -105300 = 20*g - 56*g. What is the thousands digit of g?
2
Let m = -185 + 446. What is the units digit of m?
1
Suppose -27059 = -28*r + 20009. What is the thousands digit of r?
1
Let o(f) = -2*f**3 - 65*f**2 - 81*f - 155. What is the units digit of o(-33)?
7
Let d(p) = -201*p**2 + 9*p + 2. Let k(j) = 101*j**2 - 5*j - 1. Let v(y) = -3*d(y) - 5*k(y). What is the units digit of v(-1)?
9
Let q(g) = g**2 + g - 4. Let f be q(3). Let r = 12 - f. Suppose r*l - 32 = -4*u + 12, 22 = 2*u - l. What is the tens digit of u?
1
Let g = -21 - -31. Suppose 3*k - b - 16 = 0, b - 10 = -5*k + 6. Suppose 0*n - w + g = n, 0 = -k*w. What is the units digit of n?
0
Suppose 3*k = 5*m - 25, -m - m = -10. Suppose 1683 = 3*g - k*g. What is the units digit of 2/(-5) - g/(-15)?
7
Suppose 31*z + 73 = 12628. What is the units digit of z?
5
Suppose -136 = -3*h + g, h - 42 = 4*g + 7. Suppose 0 = t - 6*t + h. What is the units digit of t?
9
Suppose 6*d = -4*q + 3*d - 360, -2*q = 2*d + 178. Let h = q + 157. What is the tens digit of h?
6
Suppose -19*x + 12*x = -476. What is the tens digit of x?
6
Suppose 0*m - 4*m = 5*v - 30, -14 = 3*v - 4*m. Let d be v/(-16) + (-13460)/(-160). What is the units digit of (d/(-9))/(-4)*15?
5
Let u be (26/(-6) - -1)/((-2)/102). Let v = u - 59. What is the hundreds digit of v?
1
Let a be 10*((-12)/15)/2. What is the tens digit of a*3/(-3) + 22?
2
Let o(z) be the first derivative of z**4/4 + 7*z**3/3 + 9*z**2/2 + 9*z + 21. What is the units digit of o(-5)?
4
Let p(a) = a**2 + a + 105. Let b(q) = -2*q + 34. Let y be b(17). What is the units digit of p(y)?
5
Let x(q) = q**3 + 26*q**2 + 27*q + 81. What is the units digit of x(-25)?
1
Let j = 78 - 76. Suppose -2*q = -j - 58. What is the tens digit of q?
3
Let h(g) = g**2 + g + 17. Let b be h(0). Let w = b - 14. What is the units digit of 32 - (8 - w - 1)?
8
Let n be 17 + (-2 - (1 - -1)). Let d = 12 - n. What is the units digit of 2 + (d + -19)*-1?
2
Suppose -8*l = -3*l. Suppose l = -3*a + 7*a - 12. Suppose 0 = 3*b + a*o - 27, 5*o - 3*o + 18 = b. What is the tens digit of b?
1
Suppose -39 = -h - 2*h + 3*x, 42 = 3*h - 4*x. Let b = -14 + h. What is the units digit of 6/b - 28/(-8)?
2
What is the hundreds digit of 4/((-987)/(-2380) - (-4)/(-10))?
2
Suppose v = 2*n - 5, 0*n = -2*n + 2*v. Suppose -5*y - 2*d = -317, n*y - 3*d = 243 + 94. What is the tens digit of y?
6
Let f(b) = b**2 - 10*b + 12. Let w be f(9). Suppose -2*o + 16 = -3*x - 19, w*x - 97 = -4*o. Suppose 5*q - o = 3*q. What is the units digit of q?
1
Let b be 24/3 + (-2)/(-2). Let n = -52 + 58. What is the units digit of ((-4)/n)/((-1)/b)?
6
Suppose -964 + 64 = -9*i. What is the tens digit of i?
0
Let w(l) be the third derivative of -l**5/60 + 5*l**4/24 - l**3/3 - 3*l**2. Let u be w(6). What is the units digit of (6/u)/((-1)/8)?
6
Let q(k) = k. Let h(p) = 7*p - 16. Let g(s) = s**3 - 4*s**2 + s - 3. Let t be g(4). Let m(y) = t*h(y) - 4*q(y). What is the units digit of m(7)?
5
Suppose 0 = 4*t - 4*m - 392, t + 6*m - 116 = m. Suppose 2*j - t = j. Suppose -y = -5*p + j, -y = -5*y + 16. What is the tens digit of p?
2
Suppose -3*i + 79 = 55. Suppose 4*a + 4*y - 104 = 0, -3*y - 38 = -a + i. What is the tens digit of a?
3
Let i = 59 + -82.